its digit of p?
2
Let q(d) = 2*d - 2. Let i be q(2). Suppose 0 = i*s + s - 18. What is the units digit of s?
6
Let b be (-5)/((-5)/(-2)) - -1. Suppose -5*p - 78 = -23. Let g = b - p. What is the tens digit of g?
1
Suppose -2*n = -5*n + 36. Suppose -4*q - 2*h + 2 = -n, 3*q - h - 23 = 0. What is the units digit of 46/q + (-3)/(-9)?
8
Suppose 0 = -q - q + 4*s - 6, 4*q = -2*s + 18. Suppose 4 = q*j - 8. What is the units digit of j?
4
Let p(j) = 3*j + 12. Let x be p(-9). Suppose -19 = -3*l + 50. Let a = l + x. What is the units digit of a?
8
Let o(j) be the third derivative of -j**5/60 + j**4/6 + j**3/3 - 3*j**2. Let a be o(4). Suppose -a*c - c = -18. What is the units digit of c?
6
Suppose -11*p = -7*p - 100. What is the units digit of p?
5
Let x(z) = -z**3 - 4*z**2 - z - 3. Suppose 3*k - 4 + 1 = 0. Let h be (8/(-12))/(k/6). What is the units digit of x(h)?
1
Let k(z) = -z**2 + 10*z - 6. Let v be k(4). Let d = 39 - v. What is the units digit of d?
1
Suppose 8*r - 1447 + 183 = 0. What is the tens digit of r?
5
Suppose 4*a + 4 + 0 = 0. Let n(o) = -13*o**3 - o**2 + o + 1. What is the tens digit of n(a)?
1
Suppose -3*w + h + 2*h + 114 = 0, 2*h + 8 = 0. What is the tens digit of w?
3
Let s(q) be the second derivative of q**4/12 + q**3 + 3*q**2/2 + 6*q. What is the units digit of s(-6)?
3
Let t(m) = -m**3 + 11*m**2 - 13*m + 1. What is the tens digit of t(9)?
4
Let k(u) = 6*u - 15. What is the tens digit of k(10)?
4
Let y(k) = -k**2 - 4*k - 3. Let x be y(-3). Let v be 0*(-4)/(-16)*2. What is the units digit of x - (v + -1) - -1?
2
Let n = -5 + 11. What is the units digit of n*(1 + (-3)/9)?
4
Suppose 5*m + 32 = 57. What is the units digit of m?
5
Let c(g) = g**3 - 3*g**2 - g. Let i = -18 + 25. Suppose i + 13 = 5*y. What is the units digit of c(y)?
2
Let h be (1 + -1)/((-6)/3). Suppose h = -2*l - 2*l + 28. What is the units digit of l?
7
Suppose 11*o + 590 = 6*o. Let f = -82 - o. Suppose -5*v = -4 - f. What is the units digit of v?
8
Let k(t) = t**3 + 4*t**2 + 5. Suppose -13 = 5*p + 7. What is the units digit of k(p)?
5
Suppose -28 + 8 = -5*z. Let l = z - 3. Suppose 0 = -c + 11 + l. What is the tens digit of c?
1
Let n(j) = -j + 0*j - 1 - 5*j + 4*j. What is the units digit of n(-6)?
1
Suppose -445 = -6*s + s. Let v = -46 + s. What is the tens digit of v?
4
Let o(h) = 3*h**2 - h + 2. What is the units digit of o(3)?
6
Let x be 1/(-2)*-2*-6. Let i be (-2)/(-3) - x/(-9). Suppose i = 4*j + 16 - 4, 0 = o - 2*j - 18. What is the units digit of o?
2
Suppose 2*y + 0 = -2. Let c(x) = -6*x**3 - 2*x - 1. What is the units digit of c(y)?
7
Let m = 20 - -13. Let c = m - 19. What is the tens digit of c?
1
What is the units digit of (3/((-90)/(-984)))/((-2)/(-5))?
2
Suppose -j - 4 = 1. Let n = j + 7. What is the units digit of n?
2
Suppose 556 = 2*u + 54. Let c = -92 + u. What is the units digit of 1/6 + c/18?
9
Let v = 52 + 14. What is the tens digit of v?
6
Suppose 7*n - 75 - 499 = 0. What is the tens digit of n?
8
Let o(n) = n**2 + 15*n - 19. What is the tens digit of o(-23)?
6
Suppose 2*h - 104 = -2*h. What is the units digit of h?
6
Suppose a + 3 - 8 = 0. Suppose 0 = -a*p + 2*d + 97, -2*p = -2*d - 0*d - 40. What is the units digit of p?
9
Let c(v) = -v**3 + 13*v + 4. What is the units digit of c(-5)?
4
Let i be (4/(-2) + 3)*-9. What is the units digit of 3/(i/3)*-4?
4
Let k(c) = -7*c - 2. Let l be k(-2). Suppose -l + 5 = -v. Let z = 10 - v. What is the units digit of z?
3
Let c = 0 + -6. Let h = c - -9. What is the units digit of h?
3
Let b(i) = i**2 + 3*i - 23. What is the tens digit of b(13)?
8
Suppose -432 = -3*p - 3*j, -5*p - 3*j + 693 = -7*j. What is the tens digit of p?
4
What is the units digit of 34 + (-2 - 0)*-1?
6
Let z(o) = o**2 - o - 8. Let c be z(13). Suppose -18 = 5*u + 5*q - c, -u + q + 16 = 0. What is the tens digit of u?
2
Let n(r) = r + 8. Let a be n(-5). Suppose -5*t + 2 = b, -5*b - a*t = -7*t - 126. What is the tens digit of b?
2
Let y(h) = -h**3 + 3*h**2 + 2. Let f be y(3). Suppose -32 = -f*l - 4*s, 5*l - 2*l - 4*s - 38 = 0. What is the tens digit of l?
1
Let b(j) = -j**2 + 37*j - 21. What is the units digit of b(17)?
9
Let l = 5 - 1. Suppose 2*z - 36 = 4*d, 0 = l*d + 12. What is the units digit of z?
2
Suppose -264 = 6*p - 10*p. What is the tens digit of p/(-4)*(-6)/9?
1
Suppose -2*g - s + 2 + 7 = 0, -10 = -3*g + 2*s. Suppose 2*j = g*l - 90, l = 5*l + 2*j - 86. What is the units digit of l?
2
Suppose 6*z - 68 = 4*z. What is the tens digit of z?
3
Suppose -42 = -2*m - 0*m. Let b be 5*(-1 - m/(-15)). Let z = b + 7. What is the units digit of z?
9
Suppose -6*w + 660 = 114. What is the tens digit of w?
9
Let s be (-5)/(-15) + (-46)/(-6). Let a be (s/2*1)/2. Let p(j) = 3*j**2. What is the units digit of p(a)?
2
What is the tens digit of 2/(-10) - 17525/(-125)?
4
Let f be 111/12 + (-6)/(-8). Let r = 13 + -18. Let n = r + f. What is the units digit of n?
5
Let q(f) = f**2 + 1. Let g be q(1). Suppose g*h = h + 3. What is the units digit of h?
3
Suppose -2*t + 12 = t. Suppose 0*n = t*n - 52. What is the units digit of n?
3
Let q(z) be the first derivative of -z**3/3 + 2*z**2 - 2. Let j be q(3). What is the units digit of (-11)/(-4) + j/12?
3
Let o(g) = 4*g**2 - 2*g + 1. Let v be o(1). Suppose 3*u + 15 = -v*c, u + 5*c = -15 - 10. Let t(j) = -j**3 + j + 18. What is the units digit of t(u)?
8
Suppose 2*x = 4*x. Suppose x = 3*t + 2*t. Suppose 2*g - 6 = t, w = g + 3*g - 5. What is the units digit of w?
7
Suppose a + 3*l - 7*l - 79 = 0, -3*l = -12. What is the units digit of a?
5
Suppose 2*y - 3*g + 11 = -0*g, -3*y - 3*g - 39 = 0. Let o be (-3 - -6)/((-6)/y). Suppose -3*c - 5 = o*x, 11 = 2*c - 3*c - 4*x. What is the units digit of c?
5
Let v(j) = 18*j - 18. What is the tens digit of v(3)?
3
Let u = 6 + -11. Let p be ((-4)/10)/(1/u). Let r = p - -1. What is the units digit of r?
3
Suppose 51 + 9 = -5*v. Let i = v + 8. What is the units digit of 3/4 + (-1)/i?
1
Let a be 16/104 - 80/13. What is the units digit of ((-2)/a)/(3/9)?
1
Suppose -n + 4*c + 39 = 0, 78 = 3*n + 5*c - 56. Let l = -46 - -59. Suppose 2*f + l = a, -3*a + 5 + n = -3*f. What is the tens digit of a?
1
Let x(m) = 2*m - 5. Let o be x(5). Suppose -o = -i + 2. Let g = i - 1. What is the units digit of g?
6
Let n(c) be the first derivative of -c**2/2 - 17*c + 3. Let b be n(-7). Let g = 16 + b. What is the units digit of g?
6
Let l = 74 + -38. What is the tens digit of l?
3
Suppose -k = -3*k + 4. Let i(f) = f**2 + 12*f + 12. Let s be i(-11). Let l = k - s. What is the units digit of l?
1
Suppose 0*w + 10 = -2*w. Let x(d) = d**2 + 6*d + 7. Let u be x(w). What is the units digit of 3 + 0 - 2/u?
2
Suppose 2*r + 56 = -2*r. Let w be 46/r + (-2)/(-7). What is the tens digit of (0 + (-20)/6)*w?
1
Let u be 3/(-15) - 168/(-15). Let p(l) = -l**2 - 2*l + 4. Let h(g) = 6*g**2 + 10*g - 19. Let r(n) = u*p(n) + 2*h(n). What is the tens digit of r(4)?
1
Suppose 5*b + t + 5 = -0*t, 31 = -3*b + 5*t. Let i be (0/(-2))/(b - -3). Let u = 1 + i. What is the units digit of u?
1
Let z be (-4)/(-10) - (-1280)/50. Let n = z - 6. What is the units digit of n?
0
Let x = 153 + 31. What is the hundreds digit of x?
1
Suppose 0 = -2*z + 7*z - 65. What is the tens digit of z?
1
Let q(i) = -15*i - 22. What is the units digit of q(-7)?
3
Let g(i) = 15*i - 4. What is the units digit of g(2)?
6
Let r be 268/24 + 1/(-6). Let d(v) = -v**2 + 14*v + 13. What is the tens digit of d(r)?
4
What is the hundreds digit of 16760/90 - (-2 - 60/(-27))?
1
Let x be 224/(-20)*(0 - 5). Let y = x - 34. What is the tens digit of y?
2
Let y(d) = d**2 - 7*d + 8. Let u be y(6). Suppose -u*a = -4*a + 4. What is the units digit of a?
2
Let w = 2 + -2. Let q = w + 10. What is the tens digit of q?
1
Let i be ((-35)/21)/(2/6). Suppose 4*u - 48 = z, -3*u - 4*z + 17 + 0 = 0. Let g = u + i. What is the units digit of g?
6
Suppose 0 = 2*q - 0*q + 5*p - 424, -4*q = -2*p - 800. What is the units digit of q?
2
Suppose o = 14*o - 2990. What is the units digit of o?
0
Let z = 101 + -15. What is the units digit of z?
6
Suppose -4*o = 4*k - 152, -4*k - 44 = -5*k + o. What is the tens digit of k?
4
Let u be ((-6)/4)/(-3)*4. Let h(c) = -2*c - 3 - u*c + 2. What is the tens digit of h(-3)?
1
Let t(b) = -b**3 - 6*b**2 - 4*b - 9. Suppose -2 = 2*w - 10. Suppose 4*c + 20 = i, 3